*c, -p*c = -z - c. Let g = z - 1. What is the greatest common factor of g and 3?
1
Let y(l) = -354*l + 10. Let w be y(-1). Calculate the highest common divisor of w and 52.
52
Let h(q) = 4*q - 4. Let k be h(1). Let y(g) = -g**3 - 2*g**2 + 2*g + 21. Let c be y(k). Calculate the greatest common factor of 168 and c.
21
Let j be (-8448)/(-968) - (-6)/22. What is the greatest common factor of 423 and j?
9
Let y be ((-1)/3)/((-2)/36). Let j(g) = g**2 - 6*g - 10. Let v be j(-4). What is the greatest common divisor of v and y?
6
Let k = -101 - -116. Calculate the greatest common factor of 10 and k.
5
Suppose -100 = -4*b + 20. Let d be 3 + (-1 - 1 - -10). Suppose 600 = d*i - 3*i. Calculate the greatest common factor of i and b.
15
Let q = -550 + 625. Calculate the greatest common divisor of q and 375.
75
Let b be (-5 + 3)/(-1) - 1. Let l be 11 + b + -2 + 4. Let o(v) = v**2 + v + 2. Let j be o(3). What is the greatest common factor of j and l?
14
Let d be (-4 - -2)/(40/(-140)). What is the highest common factor of d and 63?
7
Let z be (6 + 5)*3/(-1). Let g = -23 - z. Let w(l) = -11*l**3 + 2*l**2 + 4*l + 2. Let y be w(-2). Calculate the highest common factor of g and y.
10
Let n(p) = -2*p - 19 + 18 + 4*p + p**2. Let a be n(-4). Calculate the highest common divisor of 35 and a.
7
Suppose -17 = -5*m + 3. Suppose 3*j = 5*c - 23, 4*c = 3*j - 7 + 26. Calculate the highest common divisor of m and c.
4
Let q = -429 - -97. Let m = q + 500. Calculate the greatest common divisor of m and 24.
24
Let x be 5 + -5 + (0 - -7). Suppose -3*r - 4 = -10, -3*r = b + 41. Let c = -26 - b. Calculate the highest common factor of c and x.
7
Let x be (-17068)/(-502)*(30/4 - 1). What is the greatest common factor of 39 and x?
13
Suppose 2*u + 3*u + z = 24, -3*u + 2*z = -4. Suppose -52*v - 14*v = -3696. Calculate the greatest common divisor of v and u.
4
Suppose 4*d = -2*i + 88, -2*i - 7 - 1 = 0. Calculate the highest common divisor of d and 408.
24
Suppose 0 = -a + 62 + 94. Let u be 104/40 + (-6)/10. Suppose -p = -u*p + a. What is the greatest common factor of 39 and p?
39
Suppose 9*z + 24 = 13*z. Let v = z - -5. Let n = 17 + 5. What is the greatest common divisor of n and v?
11
Let j be (-4)/(-3)*9/6. Suppose c + 101 = 3*x, -j*x + 90 = 4*c + c. Let o = x + -11. Calculate the greatest common divisor of o and 24.
24
Suppose 0 = 35*u - 17420 + 5660. Calculate the highest common divisor of 210 and u.
42
Let k(b) = 18*b**3 + 115*b**2 + 37*b - 15. Let i be k(-6). Let d be 106 + (-1 - (0 + 0)). Calculate the highest common divisor of i and d.
15
Let p(o) = -1 + 3 + 2*o**2 - 2*o + 2*o**2 - 3. Suppose 2 = -2*f - 0*f. Let n be p(f). What is the highest common factor of n and 20?
5
Suppose -4*i - 3*z + z + 854 = 0, 0 = i + 3*z - 201. Calculate the highest common divisor of 81 and i.
27
Let k be (-400)/((-10)/2) + -5. Let v(g) = g**3 - g**2 + g - 2. Let y be v(4). Calculate the highest common divisor of k and y.
25
Suppose -5*g - 3*h + 151 = -0*g, 2*g + h = 60. Let f = -27 + g. Calculate the greatest common divisor of 3 and f.
1
Let m be 1/4 - 56529/(-396). What is the highest common divisor of 91 and m?
13
Let m be (105 - 17) + 1*-7. What is the greatest common divisor of m and 36?
9
Let m be 4/(1*(-2)/(-2)). Let s be (90/(-35) - 8/(-14))*-2. Suppose -g + 19 = u, g + 71 = s*u + m*g. Calculate the greatest common divisor of 14 and u.
14
Suppose 8*p - 163 - 45 = 0. Let b = -7 + 11. Let w be (-104)/b*5/(-2). What is the greatest common factor of w and p?
13
Let s be -12*(3 - 2) - 2. Let y be 6/14 - 610/s. What is the greatest common factor of y and 4?
4
Let m(r) = r**2 + 2*r + 3. Let v be m(-2). Suppose -4*s = 18*y - 20*y - 2, 4*y = -2*s + 16. What is the greatest common divisor of v and y?
3
Suppose -2*d + 10 = 0, -6*a + 11*a = -2*d + 30. What is the greatest common divisor of a and 36?
4
Let r = -19 - -40. Let s be (-442)/(-12) + (-5)/(-30). Suppose -s = 2*m - 247. What is the greatest common divisor of m and r?
21
Suppose 3*m - 11 = 4. Suppose 5*w + 22 = k, -5*w - 28 = k - m*k. What is the greatest common divisor of 3 and k?
1
Let m(c) = -59*c - 12. Let i be m(-8). Suppose -3*t + i = t. What is the highest common divisor of t and 46?
23
Let u(h) be the second derivative of -h**4 + h**3/6 + h**2/2 + h. Let f be u(-3). Let a be (-20)/(-5)*f/(-8). Calculate the highest common factor of a and 22.
11
Suppose 57 = -0*n + 3*n. Suppose -10 = -182*h + 177*h. Suppose h*f = -4*t + 14, -f - t + n = -3*t. What is the greatest common divisor of 39 and f?
13
Let q(i) = 3 - 3 - 1 - 1 + 112*i. Let p be q(1). Let k be -1 + 9 - 4/(-2). What is the greatest common factor of k and p?
10
Let s = 615 + -587. Calculate the highest common factor of 12 and s.
4
Suppose 5*v = 5*g - 370, -5*v - 164 - 54 = -3*g. Suppose g = -2*d + 264. Calculate the highest common divisor of d and 141.
47
Let r = -186 - -462. Suppose 0 = -4*x - 2*s - 196, 3*s - r = 4*x - 70. Let b be x/3*9/(-6). What is the greatest common factor of 175 and b?
25
Let v(a) = 9*a**2 + 9*a + 23. Let f be v(-8). What is the highest common factor of f and 68?
17
Suppose w - 5 = 0, -2*g - 35 = -3*g + 3*w. Calculate the greatest common factor of g and 140.
10
Suppose -b = 5*r - 86, 4*b + 2*r = 6*b - 136. Calculate the highest common factor of b and 1846.
71
Suppose -3*o + 4*o = 29. Let b be -290*(6/(-15))/(-3 - 85/(-25)). Calculate the highest common factor of o and b.
29
Suppose 9*t = 4*t - 205. Let d = t - -129. Calculate the greatest common divisor of d and 11.
11
Suppose -4*y - 3*d = -3*y - 17, 4*y - 36 = -4*d. Let o(w) = w**2 - 5*w - 2. Let l be o(6). Calculate the highest common divisor of y and l.
1
Let s(n) = 95*n - 8. Let j be s(-1). Let x be ((-6)/5)/(5 - j/(-20)). What is the highest common divisor of x and 8?
8
Suppose -5*w = -3*l - 260 - 125, w - 3*l - 89 = 0. Calculate the greatest common factor of 814 and w.
74
Let o(u) = -3*u + 19 - 2*u + 4*u - u. Let k be o(7). What is the highest common factor of 45 and k?
5
Let v = -1179 - -1283. Suppose 0 = 5*l + 2*x - 69, -17 - 1 = -2*l + 4*x. Calculate the greatest common factor of v and l.
13
Suppose a - 2*x = -a, -5*x + 18 = a. Let s = 0 + a. Suppose -5*b + 109 - 94 = 0. What is the greatest common divisor of b and s?
3
Suppose 3*a = -4*j + 78, a - 53 = -5*j + 39. Let r = j - 14. Suppose y - 2 = -3*p, y = -p + 2*y + 6. What is the highest common divisor of r and p?
2
Let l(z) = z**2 - 8*z + 3. Let w be l(8). Let r be 1/(w/(-6)) - -3. Calculate the greatest common divisor of 2 and r.
1
Let v(t) = -t**2 + 18*t - 11. Let g be v(18). Let h(y) = -3*y - 20. Let i be h(g). Calculate the greatest common factor of i and 104.
13
Let f = -1135 - -1300. Calculate the highest common divisor of 15 and f.
15
Suppose -11*g + 59 = -73. Suppose 3*y + 135 = g*y. Let k be 2/5 - (-1046)/10. Calculate the highest common divisor of k and y.
15
Suppose -23*k + 607 = -10985. Calculate the greatest common divisor of k and 28.
28
Let h be 68 + 1 - 4/(-4). Suppose -5*b = -3*b - h. Suppose -b = -3*a + 10. What is the highest common divisor of a and 5?
5
Suppose -45*m = -200 - 250. Calculate the greatest common factor of m and 70.
10
Suppose -y = y - 5*p - 24, 0 = -3*y - 2*p + 36. Let k be (16/12)/((-1)/3). Let g = k + y. What is the highest common divisor of g and 2?
2
Let f(b) = 588*b - 3. Let n be f(1). Suppose -6*h = -87 - n. Calculate the highest common divisor of 16 and h.
16
Suppose 0 - 10 = -j. Suppose -2*g + 156 = 4*f, 6*g = g + j. Let h = f + -8. Calculate the highest common divisor of h and 12.
6
Let d(c) = -c**2 + 10*c - 16. Let o be d(3). What is the greatest common factor of o and 25?
5
Suppose -5*d - 29 = -2*z - 133, -5*d + 4*z = -98. What is the greatest common divisor of 242 and d?
22
Suppose -4*m + r = -4, 10 + 10 = 5*r. What is the highest common factor of m and 75?
1
Suppose -3*o + 12 = -15. Let h = -16 - -17. Let q be 6 + 4 + -2 + h. What is the greatest common factor of o and q?
9
Suppose -4*d + 67 = -25. Let s = d - 23. Suppose -4*z - 4*k + 8*k + 436 = 0, s = 4*z + 2*k - 406. Calculate the greatest common divisor of z and 13.
13
Suppose -16 = -2*j - 48. Let f = 13 + j. Let s be (f/6)/(1/(-18)). What is the greatest common divisor of 45 and s?
9
Let w(r) = r - 17. Let a be w(12). Let v be (4*1/a)/(1/(-20)